v = 5 - j. Let y = v + 2. What is the units digit of y?
5
Let r(q) = -9*q + 3. Suppose 3*z + 0*z = 3*m + 45, -5*m = 5*z + 25. Let b be r(m). What is the units digit of 10/(-35) + b/7?
3
Suppose d + 3 = -1. Let f(m) = -4*m - 6. What is the tens digit of f(d)?
1
Suppose 5*b - 215 = 285. What is the units digit of b?
0
Let q(p) = p**3 + 28*p**2 - 29*p + 13. What is the tens digit of q(-29)?
1
Suppose 2 = -b + 2*b. Let q be 72/(-6)*b/(-4). Suppose -q*h + 2*h + 44 = 0. What is the units digit of h?
1
Let a(m) = m**3 - 5*m**2 + m - 2. Let c be a(5). Suppose 0 = -3*u + 4*x - 6, 0 = -5*u + c*x - 21 - 0. Let o = u + 9. What is the units digit of o?
3
Let s = 5 - 7. Let n be 3/s*(-20)/6. What is the units digit of ((-16)/20)/((-1)/n)?
4
Let s(z) = -z**2 - 10*z - 2. What is the units digit of s(-5)?
3
Suppose -5 - 20 = 5*y. What is the units digit of (20 - 0)*(-2)/y?
8
Let v(t) = t**3 - 13*t**2 + 3*t - 4. What is the units digit of v(14)?
4
Suppose 2*d - 4*t - 17 = t, d - 7 = t. What is the units digit of 28/21 - (-4)/d?
2
Let u be -2*(2 + 0 + -3). Suppose -3*q = z - 8, -2*z - u*q + 2 = -3*z. What is the units digit of z?
2
Let l = -65 - -43. What is the tens digit of (-53 - 1)*l/33?
3
Let u = -40 - -15. What is the units digit of 4/(-12) - u/3?
8
Suppose 0 = -2*s - 3*s + 15. Suppose 2*q - 35 = -s*q. Suppose 28 = 2*w + 2*d, -q*w - 5*d = -3*w - 60. What is the tens digit of w?
1
Suppose -l - 4*r = l - 372, -3*r + 944 = 5*l. What is the hundreds digit of l?
1
Let z = 155 - 95. Suppose -4*l + 7 + 14 = x, -2*x - 2*l = -z. What is the units digit of x?
3
Let p(t) = t**3 + 2*t**2 - t. What is the tens digit of p(2)?
1
What is the units digit of -1 - (-5 + (-4)/(-2))?
2
Suppose 2*b - 80 = 5*b - 5*k, -b = 5*k. What is the tens digit of 1/(3/9) - b?
2
Suppose 0 = 5*u - 10*u + 20. Suppose 0*g - g + u = 0. What is the units digit of g?
4
Let m(o) = 2*o - 6. Let k be m(4). Suppose -s + 4 = k. What is the units digit of s?
2
Let m(t) = -t + 10. Let r be m(10). Suppose -2*w + 16 - 4 = r. Suppose 2*f - 2*c = w, c + 2*c = f - 5. What is the units digit of f?
2
Let n be (-1)/(0 + (-2)/6). Suppose -n*y + 5 + 1 = 0. Suppose 0 = s - 1, y*d + s + 6 - 21 = 0. What is the units digit of d?
7
Let h = 13 - 28. What is the tens digit of 164/10 - (-6)/h?
1
Suppose -3*p = 2*k - 7, -2*p - 2*k + 23 = 3*k. Let b = p - 2. What is the units digit of 0 - b - (-4)/2?
5
Let c be 22/(-6) + 8/12. What is the units digit of 320/15 - (-1)/c?
1
Let j(z) = -2*z**3 - 3*z**2 + z**3 - 3*z**3. Let a be j(-2). Let x = -6 + a. What is the units digit of x?
4
Let r(n) be the first derivative of n**5/20 + n**4/3 - n**3/2 - 2*n**2 - 4*n - 1. Let w(b) be the first derivative of r(b). What is the units digit of w(-4)?
8
Suppose -180 = -2*a - 2*a. Suppose 4*k = 7*k - a. What is the units digit of k?
5
Let x(v) = -v + 7. Suppose -4*i = 2*k + k + 1, 14 = 2*k - i. What is the units digit of x(k)?
2
Let f(i) = -11*i + 4. Let z be f(3). Let a = -15 - z. What is the tens digit of a?
1
Let p = -18 - -20. Let j = -2 - -3. Suppose 3*z - 2 - j = 5*m, 4*m + p = 2*z. What is the units digit of z?
1
Let w = -7 + 13. Let c be ((-1)/(-1))/(3/w). Suppose -h = c*h - 33. What is the units digit of h?
1
Let g(i) = -i**2 + 11*i - 13. Let p be g(10). Let o be 2*1*(4 + p). Suppose 3*f - o*f - 15 = 0. What is the tens digit of f?
1
Let q = -43 + 49. What is the units digit of q?
6
Let h be (1 - 1)*(-4)/(-8). Suppose h = t + 3 - 1. What is the units digit of -1 + 4*t/(-4)?
1
Let l(r) = r**2 - 8*r - 8. Let j(k) = 2*k - 5. Suppose -2*w + 3*a + 26 = 0, -30 = -2*w + a + 3*a. Let h be j(w). What is the units digit of l(h)?
1
Suppose -328 = -5*v + 52. What is the tens digit of v?
7
What is the units digit of -1 - (-111 + 9/(-3))?
3
Let u be -1 + 2 + 16/8. Suppose -5*g = -3*j - 25, -2*g = u*g - 4*j - 30. What is the units digit of g?
2
Let j(u) = -u**2 - 1. Let b be j(-2). Suppose 0*k + 2*m - 25 = -k, 0 = 2*k + m - 41. Let g = k + b. What is the tens digit of g?
1
Suppose 644 = 9*m - 2*m. What is the tens digit of m?
9
Let f = 103 - 21. Suppose 4*a + r - f = a, 0 = 4*r + 8. What is the tens digit of a?
2
Suppose 0 = 5*d - 20 - 5. Suppose d*a - 4*a = 7. What is the units digit of a?
7
What is the tens digit of (87/(-6))/(4/(-8))?
2
Suppose 3*t - 9 + 4 = 4*g, -g = 5*t + 30. What is the tens digit of -4 - 72/(t - -1)?
1
Suppose -5*k + 185 = 4*q, -5*k + 10*k - 95 = -2*q. What is the units digit of q?
5
Let a be ((-6)/4)/((-3)/10). Suppose -a*u - 7 = -2. What is the tens digit of u*(2 + -18 - -1)?
1
Let l(s) = 57*s + 9. What is the units digit of l(4)?
7
Let w = 12 - 8. Suppose w*f = 2*f. Let i(d) = d**2 + 15. What is the tens digit of i(f)?
1
Suppose 3*g + 0*g = 6. Suppose q - g = 2*q. What is the units digit of 1 - q - (0 - 18)?
1
Let t(o) = 2*o**2 - 11*o - 13. What is the tens digit of t(10)?
7
Suppose -5*d - 7*d + 2808 = 0. What is the hundreds digit of d?
2
Suppose -l - 2*q = -0*l - 80, 4*l = -3*q + 315. What is the units digit of l?
8
Suppose 4*q - 12 = 0, 0 = -4*k - q + 237 - 38. Let y = k - 33. What is the units digit of y?
6
Suppose -5*y = -3*b - b + 36, 9 = b - 5*y. Suppose 0 = -3*u + b. Suppose 2*n - 14 = -2*p, 4 - 10 = u*p. What is the units digit of n?
9
What is the units digit of (-2)/(-13) + (-1164)/(-39)?
0
Let r(k) = k**3 - 4*k**2 + 3*k. Let i be r(3). What is the units digit of 3 + i - 2 - -7?
8
Let m = 0 + 2. Let u(t) = -m*t**3 - t**3 + 2 + 2*t**3 - 4*t**2 + 3. What is the units digit of u(-4)?
5
Suppose -74 - 126 = -4*d. Suppose -c + z - 5 = -2*z, -4*z + d = 3*c. What is the tens digit of c?
1
Suppose 23 = 3*k + 5. What is the units digit of k?
6
Let x(g) be the first derivative of -g**4/4 + 5*g**3/3 - 3*g**2/2 - 1. Let n be 2*((-15)/(-6) - 1). What is the units digit of x(n)?
9
What is the tens digit of 52/4*-1*-23?
9
Suppose 14 + 5 = 4*g + 5*t, g - 9 = 3*t. Suppose -3*m + g*m = -6. Let p = 9 + m. What is the units digit of p?
7
Let k(h) = 3*h + 9 - 4 - 2*h. Let d be (-5)/(-2)*128/80. What is the units digit of k(d)?
9
Let j(c) = 5*c - 6. Let v be j(7). Suppose -5*k = -3*h - 5 - 5, h = 5*k - 20. Suppose -h*b - 4 = -v. What is the units digit of b?
5
Suppose 22 = 3*b - 4*f, f + 9 = 2*b - 4. Suppose -17 = -b*n + 37. What is the units digit of n?
9
Suppose -1 = -q + p, 0 = 2*q - p - 2 - 1. Suppose 0 = r - q*w - 5 - 1, -4*w + 4 = -r. What is the tens digit of r?
1
Suppose -651 = -4*w + n, -3*n + 2*n = -5. What is the tens digit of w?
6
Let l = 5 - 3. Suppose 0 = g - 3*b - 5 - l, 0 = 4*g + b - 2. What is the units digit of g?
1
Let r be ((-6)/9)/(3/18). Let h = r + -4. What is the units digit of h/(1 + 0 - 2)?
8
Suppose 4*b + b = 0. Suppose r - f - 2*f = 25, b = -4*r - 2*f + 58. What is the tens digit of r?
1
Suppose -5*x - 4*o = 4, x - 3*o = -0*o - 16. What is the units digit of ((-2)/x)/(6/48)?
4
Let m = 1 - 1. Let b(z) = 2*z**2 + 2*z + 2. Let p be b(-1). What is the units digit of (m - 4)*(-1)/p?
2
Suppose 2*q - 5*q + 168 = h, 5*q - 266 = 3*h. Suppose 0 = -2*n - 3*n + q. What is the tens digit of n?
1
Let r = -57 + 84. What is the tens digit of r?
2
What is the tens digit of -2 + (-2272)/(-6) + 12/36?
7
Let z be -1*(-2)/((-2)/5). Let l = z + 10. Let s(f) = -f**2 + 6*f + 1. What is the units digit of s(l)?
6
Suppose -7*g = -4*g - 3. Let j = g - -9. Suppose 2*w - 2 = -j, 2*t = 5*w + 34. What is the units digit of t?
7
Let u(n) = 23*n + 52. What is the tens digit of u(11)?
0
Suppose 4*y - 4*k - 36 = 0, -y - 2*k - 21 = 3*k. What is the units digit of y?
4
Let n = -2 + 8. Let s be -1*6*n/(-9). Suppose -y + 14 - s = 0. What is the units digit of y?
0
Suppose -2*a + y - 34 = -3*a, -110 = -3*a - 5*y. What is the units digit of a?
0
Let a(i) = -i**3 + i**2 + 4*i - 1. Let b be a(-2). Suppose -94 = -b*s - l - 0*l, -2*s - 4*l + 46 = 0. What is the units digit of s?
3
Suppose -5*q - 5*q + 70 = 0. What is the units digit of q?
7
What is the tens digit of (-78)/(3 + 4/(-1))?
7
Suppose m + 10 = y + 4, 0 = -5*y - 5*m. Let d = 6 - y. What is the units digit of d?
3
Let m = 1 + 3. Suppose -4*k + 52 = m. What is the tens digit of k?
1
Suppose -4*v + 54 = -94. What is the units digit of v?
7
Let c(o) = 8*o**2 + 2*o + 1. Let j be c(2). Let i = j - 21. Let v = -8 + i. What is the units digit of v?
8
Suppose 6*v - 9 = 3*v. Let f be (-3 + 2)/(